{"id":380,"date":"2023-01-21T16:50:00","date_gmt":"2023-01-21T15:50:00","guid":{"rendered":"https:\/\/sddbox-containers.com\/?page_id=380"},"modified":"2026-04-05T16:45:57","modified_gmt":"2026-04-05T14:45:57","slug":"association-educative-de-poisson","status":"publish","type":"page","link":"https:\/\/commune-poisson.fr\/?page_id=380","title":{"rendered":"Association \u00c9ducative de Poisson"},"content":{"rendered":"\n<p><strong>Sur cette page :<\/strong><br><strong><a href=\"#Pr\u00e9sentation\">Pr\u00e9sentation de l&rsquo;A.E.P<\/a><br><a href=\"#Composition\">Composition du bureau<\/a><\/strong><br><a href=\"#calendrier\"><strong>Calendrier des manifestations<\/strong><\/a><strong><br><a href=\"#Contacts\">Contacts<\/a><\/strong><\/p>\n\n\n<div class=\"wp-block-image is-resized\">\n<figure class=\"alignleft size-large\"><img loading=\"lazy\" decoding=\"async\" width=\"1024\" height=\"350\" src=\"https:\/\/commune-poisson.fr\/wp-content\/uploads\/Associations\/AssociationEducativePoisson\/Logo-AEP-1024x350.jpg\" alt=\"Logo AEP\" class=\"wp-image-1489\" style=\"width:426px;height:auto\" srcset=\"https:\/\/commune-poisson.fr\/wp-content\/uploads\/Associations\/AssociationEducativePoisson\/Logo-AEP-1024x350.jpg 1024w, https:\/\/commune-poisson.fr\/wp-content\/uploads\/Associations\/AssociationEducativePoisson\/Logo-AEP-300x103.jpg 300w, https:\/\/commune-poisson.fr\/wp-content\/uploads\/Associations\/AssociationEducativePoisson\/Logo-AEP-768x263.jpg 768w, https:\/\/commune-poisson.fr\/wp-content\/uploads\/Associations\/AssociationEducativePoisson\/Logo-AEP-260x89.jpg 260w, https:\/\/commune-poisson.fr\/wp-content\/uploads\/Associations\/AssociationEducativePoisson\/Logo-AEP-50x17.jpg 50w, https:\/\/commune-poisson.fr\/wp-content\/uploads\/Associations\/AssociationEducativePoisson\/Logo-AEP-150x51.jpg 150w, https:\/\/commune-poisson.fr\/wp-content\/uploads\/Associations\/AssociationEducativePoisson\/Logo-AEP.jpg 1125w\" sizes=\"auto, (max-width:767px) 480px, (max-width:1024px) 100vw, 1024px\" \/><\/figure>\n<\/div>\n\n\n<div style=\"height:9px\" aria-hidden=\"true\" class=\"wp-block-spacer\"><\/div>\n\n\n\n<hr class=\"wp-block-separator has-alpha-channel-opacity has-text-color has-background has-black-background-color has-black-color is-style-wide\" id=\"Pr\u00e9sentation\"\/>\n\n\n\n<h2 class=\"wp-block-heading has-luminous-vivid-orange-color has-text-color\"><strong>Pr\u00e9sentation de l&rsquo;A.E.P&nbsp;<\/strong><\/h2>\n\n\n\n<p>L&rsquo;<strong>A<\/strong>ssociation <strong>\u00c9<\/strong>ducative de <strong>P<\/strong>oisson a \u00e9t\u00e9 cr\u00e9\u00e9e le 19 janvier 1952 afin d\u2019organiser des \u00e9v\u00e8nements \u00e9ducatifs, culturels et sportifs au sein de la commune. Elle fait le&nbsp;lien entre les parents d\u2019\u00e9l\u00e8ves et l\u2019\u00e9cole publique, afin d\u2019aider celle-ci \u00e0 remplir pleinement sa mission \u00e9ducative, en finan\u00e7ant des jeux pour les classes, la cour de r\u00e9cr\u00e9ation, la garderie et en participant aux sorties scolaires et projets p\u00e9dagogiques.<br>Tout au long de l\u2019ann\u00e9e, l\u2019A.E.P organise des \u00e9v\u00e9nements \u00e0 th\u00e8me pour les enfants (No\u00ebl, Carnaval, f\u00eate de l\u2019\u00e9cole) et propose des journ\u00e9es sportives ou activit\u00e9s manuelles.<br>Plusieurs manifestations sont r\u00e9alis\u00e9es afin de ramener des fonds et animer par la m\u00eame occasion la commune : vide-grenier, vente de sapins et de calendriers, f\u00eate de l\u2019\u00e9cole avec repas en soir\u00e9e ouvert \u00e0 tous, &#8230;<br>L\u2019association est pr\u00e9sente aussi pour les adultes et propose deux s\u00e9ances de gym, douce et tonic, tous les mardis \u00e0 18 h et 19 h (hors vacances scolaires).<br>L\u2019A.E.P fonctionne main dans la main avec l\u2019association du <a href=\"https:\/\/commune-poisson.fr\/?page_id=396\" target=\"_blank\" rel=\"noreferrer noopener\"><strong>Restaurant scolaire de Poisson<\/strong><\/a>, afin d\u2019unir leur force et leurs projets.<\/p>\n\n\n\n<figure class=\"wp-block-image size-full\"><a href=\"https:\/\/commune-poisson.fr\/?page_id=380\"><img loading=\"lazy\" decoding=\"async\" width=\"50\" height=\"50\" src=\"https:\/\/commune-poisson.fr\/wp-content\/uploads\/Articles\/Logo\/Retour-Haut-de-page.jpg\" alt=\"\" class=\"wp-image-2177\"\/><\/a><\/figure>\n\n\n\n<hr class=\"wp-block-separator has-alpha-channel-opacity has-text-color has-background has-black-background-color has-black-color is-style-wide\" id=\"Composition\"\/>\n\n\n\n<h2 class=\"wp-block-heading has-luminous-vivid-orange-color has-text-color\"><strong>Composition du bureau<\/strong><\/h2>\n\n\n\n<p>*<strong> Pr\u00e9sidente : Cl\u00e9mence Labarge<br>* Vice-pr\u00e9sidente : Annabelle Lapandry<\/strong><br><strong>* Secr\u00e9taire : <strong>Manon Bonnot<\/strong><br>* Vice-secr\u00e9taire : Aude Tremeaud<\/strong><br><strong>* Tr\u00e9sori\u00e8re : Anne-Sophie Gauthier<br> * Vice-tr\u00e9sori\u00e8re : La\u00ebtitia Brun<\/strong><\/p>\n\n\n\n<figure class=\"wp-block-image size-full\"><a href=\"https:\/\/commune-poisson.fr\/?page_id=380\"><img loading=\"lazy\" decoding=\"async\" width=\"50\" height=\"50\" src=\"https:\/\/commune-poisson.fr\/wp-content\/uploads\/Articles\/Logo\/Retour-Haut-de-page.jpg\" alt=\"\" class=\"wp-image-2177\"\/><\/a><\/figure>\n\n\n\n<hr class=\"wp-block-separator has-alpha-channel-opacity has-text-color has-background has-black-background-color has-black-color\" id=\"calendrier\"\/>\n\n\n\n<h2 class=\"wp-block-heading has-luminous-vivid-orange-color has-text-color\"><strong>Calendrier des manifestations<\/strong><\/h2>\n\n\n\n<p><strong>Manifestations organis\u00e9es par l\u2019A.E.P et l\u2019association du <a href=\"https:\/\/commune-poisson.fr\/?page_id=396\" target=\"_blank\" rel=\"noreferrer noopener\">Restaurant scolaire de Poisson<\/a>.<\/strong><br><strong>* Samedi 27 juin 2026 : f\u00eate de l&rsquo;\u00e9cole<\/strong><br><strong>* Dimanche 13 septembre 2026 : vide-grenier<\/strong><\/p>\n\n\n\n<figure class=\"wp-block-image size-full\"><a href=\"https:\/\/commune-poisson.fr\/?page_id=380\"><img loading=\"lazy\" decoding=\"async\" width=\"50\" height=\"50\" src=\"https:\/\/commune-poisson.fr\/wp-content\/uploads\/Articles\/Logo\/Retour-Haut-de-page.jpg\" alt=\"\" class=\"wp-image-2177\"\/><\/a><\/figure>\n\n\n\n<hr class=\"wp-block-separator has-alpha-channel-opacity has-text-color has-background has-black-background-color has-black-color is-style-wide\" id=\"Contacts\"\/>\n\n\n\n<h2 class=\"wp-block-heading has-luminous-vivid-orange-color has-text-color\"><strong>Contacts<\/strong><\/h2>\n\n\n\n<p><strong>Mail <\/strong>: <strong><a href=\"mailto:aep71@outlook.fr\" target=\"_blank\" rel=\"noreferrer noopener\">aep71@outlook.fr<\/a><\/strong><br><strong>Facebook de l\u2019A.E.P en&nbsp;<\/strong><a href=\"https:\/\/www.facebook.com\/profile.php?id=100015001831637\" rel=\"noreferrer noopener\" target=\"_blank\"><strong>cliquant ici<\/strong><\/a><strong>.<\/strong> <\/p>\n\n\n\n<figure class=\"wp-block-image size-full\"><a href=\"https:\/\/commune-poisson.fr\/?page_id=380\"><img loading=\"lazy\" decoding=\"async\" width=\"50\" height=\"50\" src=\"https:\/\/commune-poisson.fr\/wp-content\/uploads\/Articles\/Logo\/Retour-Haut-de-page.jpg\" alt=\"\" class=\"wp-image-2177\"\/><\/a><\/figure>\n","protected":false},"excerpt":{"rendered":"<p>Sur cette page :Pr\u00e9sentation de l&rsquo;A.E.PComposition du bureauCalendrier des manifestationsContacts<span class=\"excerpt-hellip\"> [\u2026]<\/span><\/p>\n","protected":false},"author":2,"featured_media":0,"parent":202,"menu_order":3,"comment_status":"closed","ping_status":"closed","template":"","meta":{"footnotes":""},"class_list":["post-380","page","type-page","status-publish","hentry"],"yoast_head":"<!-- This site is optimized with the Yoast SEO plugin v27.2 - https:\/\/yoast.com\/product\/yoast-seo-wordpress\/ -->\n<title>Association \u00c9ducative de Poisson - Commune de POISSON | Sa\u00f4ne-et-Loire (71)<\/title>\n<meta name=\"robots\" content=\"index, follow, max-snippet:-1, max-image-preview:large, max-video-preview:-1\" \/>\n<link rel=\"canonical\" href=\"https:\/\/commune-poisson.fr\/?page_id=380\" \/>\n<meta property=\"og:locale\" content=\"fr_FR\" \/>\n<meta property=\"og:type\" content=\"article\" \/>\n<meta property=\"og:title\" content=\"Association \u00c9ducative de Poisson - Commune de POISSON | Sa\u00f4ne-et-Loire (71)\" \/>\n<meta property=\"og:description\" content=\"Sur cette page :Pr\u00e9sentation de l&rsquo;A.E.PComposition du bureauCalendrier des manifestationsContacts [\u2026]\" \/>\n<meta property=\"og:url\" content=\"https:\/\/commune-poisson.fr\/?page_id=380\" \/>\n<meta property=\"og:site_name\" content=\"Commune de POISSON | Sa\u00f4ne-et-Loire (71)\" \/>\n<meta property=\"article:modified_time\" content=\"2026-04-05T14:45:57+00:00\" \/>\n<meta property=\"og:image\" content=\"https:\/\/commune-poisson.fr\/wp-content\/uploads\/Associations\/AssociationEducativePoisson\/Logo-AEP.jpg\" \/>\n\t<meta property=\"og:image:width\" content=\"1125\" \/>\n\t<meta property=\"og:image:height\" content=\"385\" \/>\n\t<meta property=\"og:image:type\" content=\"image\/jpeg\" \/>\n<meta name=\"twitter:card\" content=\"summary_large_image\" \/>\n<meta name=\"twitter:label1\" content=\"Dur\u00e9e de lecture estim\u00e9e\" \/>\n\t<meta name=\"twitter:data1\" content=\"12 minutes\" \/>\n<script type=\"application\/ld+json\" class=\"yoast-schema-graph\">{\"@context\":\"https:\/\/schema.org\",\"@graph\":[{\"@type\":\"WebPage\",\"@id\":\"https:\/\/commune-poisson.fr\/?page_id=380\",\"url\":\"https:\/\/commune-poisson.fr\/?page_id=380\",\"name\":\"Association \u00c9ducative de Poisson - Commune de POISSON | Sa\u00f4ne-et-Loire (71)\",\"isPartOf\":{\"@id\":\"https:\/\/commune-poisson.fr\/#website\"},\"primaryImageOfPage\":{\"@id\":\"https:\/\/commune-poisson.fr\/?page_id=380#primaryimage\"},\"image\":{\"@id\":\"https:\/\/commune-poisson.fr\/?page_id=380#primaryimage\"},\"thumbnailUrl\":\"https:\/\/commune-poisson.fr\/wp-content\/uploads\/Associations\/AssociationEducativePoisson\/Logo-AEP-1024x350.jpg\",\"datePublished\":\"2023-01-21T15:50:00+00:00\",\"dateModified\":\"2026-04-05T14:45:57+00:00\",\"breadcrumb\":{\"@id\":\"https:\/\/commune-poisson.fr\/?page_id=380#breadcrumb\"},\"inLanguage\":\"fr-FR\",\"potentialAction\":[{\"@type\":\"ReadAction\",\"target\":[\"https:\/\/commune-poisson.fr\/?page_id=380\"]}]},{\"@type\":\"ImageObject\",\"inLanguage\":\"fr-FR\",\"@id\":\"https:\/\/commune-poisson.fr\/?page_id=380#primaryimage\",\"url\":\"https:\/\/commune-poisson.fr\/wp-content\/uploads\/Associations\/AssociationEducativePoisson\/Logo-AEP.jpg\",\"contentUrl\":\"https:\/\/commune-poisson.fr\/wp-content\/uploads\/Associations\/AssociationEducativePoisson\/Logo-AEP.jpg\",\"width\":1125,\"height\":385,\"caption\":\"Logo AEP\"},{\"@type\":\"BreadcrumbList\",\"@id\":\"https:\/\/commune-poisson.fr\/?page_id=380#breadcrumb\",\"itemListElement\":[{\"@type\":\"ListItem\",\"position\":1,\"name\":\"Accueil\",\"item\":\"https:\/\/commune-poisson.fr\/\"},{\"@type\":\"ListItem\",\"position\":2,\"name\":\"Associations\",\"item\":\"https:\/\/commune-poisson.fr\/?page_id=202\"},{\"@type\":\"ListItem\",\"position\":3,\"name\":\"Association \u00c9ducative de Poisson\"}]},{\"@type\":\"WebSite\",\"@id\":\"https:\/\/commune-poisson.fr\/#website\",\"url\":\"https:\/\/commune-poisson.fr\/\",\"name\":\"Commune de POISSON | Sa\u00f4ne-et-Loire (71)\",\"description\":\"Site officiel\",\"potentialAction\":[{\"@type\":\"SearchAction\",\"target\":{\"@type\":\"EntryPoint\",\"urlTemplate\":\"https:\/\/commune-poisson.fr\/?s={search_term_string}\"},\"query-input\":{\"@type\":\"PropertyValueSpecification\",\"valueRequired\":true,\"valueName\":\"search_term_string\"}}],\"inLanguage\":\"fr-FR\"}]}<\/script>\n<!-- \/ Yoast SEO plugin. -->","yoast_head_json":{"title":"Association \u00c9ducative de Poisson - Commune de POISSON | Sa\u00f4ne-et-Loire (71)","robots":{"index":"index","follow":"follow","max-snippet":"max-snippet:-1","max-image-preview":"max-image-preview:large","max-video-preview":"max-video-preview:-1"},"canonical":"https:\/\/commune-poisson.fr\/?page_id=380","og_locale":"fr_FR","og_type":"article","og_title":"Association \u00c9ducative de Poisson - Commune de POISSON | Sa\u00f4ne-et-Loire (71)","og_description":"Sur cette page :Pr\u00e9sentation de l&rsquo;A.E.PComposition du bureauCalendrier des manifestationsContacts [\u2026]","og_url":"https:\/\/commune-poisson.fr\/?page_id=380","og_site_name":"Commune de POISSON | Sa\u00f4ne-et-Loire (71)","article_modified_time":"2026-04-05T14:45:57+00:00","og_image":[{"width":1125,"height":385,"url":"https:\/\/commune-poisson.fr\/wp-content\/uploads\/Associations\/AssociationEducativePoisson\/Logo-AEP.jpg","type":"image\/jpeg"}],"twitter_card":"summary_large_image","twitter_misc":{"Dur\u00e9e de lecture estim\u00e9e":"12 minutes"},"schema":{"@context":"https:\/\/schema.org","@graph":[{"@type":"WebPage","@id":"https:\/\/commune-poisson.fr\/?page_id=380","url":"https:\/\/commune-poisson.fr\/?page_id=380","name":"Association \u00c9ducative de Poisson - Commune de POISSON | Sa\u00f4ne-et-Loire (71)","isPartOf":{"@id":"https:\/\/commune-poisson.fr\/#website"},"primaryImageOfPage":{"@id":"https:\/\/commune-poisson.fr\/?page_id=380#primaryimage"},"image":{"@id":"https:\/\/commune-poisson.fr\/?page_id=380#primaryimage"},"thumbnailUrl":"https:\/\/commune-poisson.fr\/wp-content\/uploads\/Associations\/AssociationEducativePoisson\/Logo-AEP-1024x350.jpg","datePublished":"2023-01-21T15:50:00+00:00","dateModified":"2026-04-05T14:45:57+00:00","breadcrumb":{"@id":"https:\/\/commune-poisson.fr\/?page_id=380#breadcrumb"},"inLanguage":"fr-FR","potentialAction":[{"@type":"ReadAction","target":["https:\/\/commune-poisson.fr\/?page_id=380"]}]},{"@type":"ImageObject","inLanguage":"fr-FR","@id":"https:\/\/commune-poisson.fr\/?page_id=380#primaryimage","url":"https:\/\/commune-poisson.fr\/wp-content\/uploads\/Associations\/AssociationEducativePoisson\/Logo-AEP.jpg","contentUrl":"https:\/\/commune-poisson.fr\/wp-content\/uploads\/Associations\/AssociationEducativePoisson\/Logo-AEP.jpg","width":1125,"height":385,"caption":"Logo AEP"},{"@type":"BreadcrumbList","@id":"https:\/\/commune-poisson.fr\/?page_id=380#breadcrumb","itemListElement":[{"@type":"ListItem","position":1,"name":"Accueil","item":"https:\/\/commune-poisson.fr\/"},{"@type":"ListItem","position":2,"name":"Associations","item":"https:\/\/commune-poisson.fr\/?page_id=202"},{"@type":"ListItem","position":3,"name":"Association \u00c9ducative de Poisson"}]},{"@type":"WebSite","@id":"https:\/\/commune-poisson.fr\/#website","url":"https:\/\/commune-poisson.fr\/","name":"Commune de POISSON | Sa\u00f4ne-et-Loire (71)","description":"Site officiel","potentialAction":[{"@type":"SearchAction","target":{"@type":"EntryPoint","urlTemplate":"https:\/\/commune-poisson.fr\/?s={search_term_string}"},"query-input":{"@type":"PropertyValueSpecification","valueRequired":true,"valueName":"search_term_string"}}],"inLanguage":"fr-FR"}]}},"_links":{"self":[{"href":"https:\/\/commune-poisson.fr\/index.php?rest_route=\/wp\/v2\/pages\/380","targetHints":{"allow":["GET"]}}],"collection":[{"href":"https:\/\/commune-poisson.fr\/index.php?rest_route=\/wp\/v2\/pages"}],"about":[{"href":"https:\/\/commune-poisson.fr\/index.php?rest_route=\/wp\/v2\/types\/page"}],"author":[{"embeddable":true,"href":"https:\/\/commune-poisson.fr\/index.php?rest_route=\/wp\/v2\/users\/2"}],"replies":[{"embeddable":true,"href":"https:\/\/commune-poisson.fr\/index.php?rest_route=%2Fwp%2Fv2%2Fcomments&post=380"}],"version-history":[{"count":75,"href":"https:\/\/commune-poisson.fr\/index.php?rest_route=\/wp\/v2\/pages\/380\/revisions"}],"predecessor-version":[{"id":7578,"href":"https:\/\/commune-poisson.fr\/index.php?rest_route=\/wp\/v2\/pages\/380\/revisions\/7578"}],"up":[{"embeddable":true,"href":"https:\/\/commune-poisson.fr\/index.php?rest_route=\/wp\/v2\/pages\/202"}],"wp:attachment":[{"href":"https:\/\/commune-poisson.fr\/index.php?rest_route=%2Fwp%2Fv2%2Fmedia&parent=380"}],"curies":[{"name":"wp","href":"https:\/\/api.w.org\/{rel}","templated":true}]}}