{"id":340,"date":"2023-01-21T07:00:00","date_gmt":"2023-01-21T06:00:00","guid":{"rendered":"https:\/\/sddbox-containers.com\/?page_id=340"},"modified":"2026-04-05T19:30:16","modified_gmt":"2026-04-05T17:30:16","slug":"garderie-periscolaire","status":"publish","type":"page","link":"https:\/\/commune-poisson.fr\/?page_id=340","title":{"rendered":"Garderie p\u00e9riscolaire"},"content":{"rendered":"\n<p><strong>Sur cette page :<\/strong><br><strong><a href=\"#Horaires\">Horaires de la garderie p\u00e9riscolaire municipale<\/a><br><\/strong><a href=\"#Horaires\"><strong>Tarifs de la garderie p\u00e9riscolaire<\/strong> <strong>municipale<\/strong><\/a><\/p>\n\n\n<div class=\"wp-block-image is-style-default\">\n<figure class=\"alignleft size-full is-resized\"><img loading=\"lazy\" decoding=\"async\" width=\"520\" height=\"250\" src=\"https:\/\/commune-poisson.fr\/wp-content\/uploads\/EnfanceJeunesse\/Garderie\/Logo-Garderie-Periscolaire.jpg\" alt=\"Logo garderie p\u00e9riscolaire\" class=\"wp-image-1501\" style=\"width:500px\" srcset=\"https:\/\/commune-poisson.fr\/wp-content\/uploads\/EnfanceJeunesse\/Garderie\/Logo-Garderie-Periscolaire.jpg 520w, https:\/\/commune-poisson.fr\/wp-content\/uploads\/EnfanceJeunesse\/Garderie\/Logo-Garderie-Periscolaire-300x144.jpg 300w, https:\/\/commune-poisson.fr\/wp-content\/uploads\/EnfanceJeunesse\/Garderie\/Logo-Garderie-Periscolaire-260x125.jpg 260w, https:\/\/commune-poisson.fr\/wp-content\/uploads\/EnfanceJeunesse\/Garderie\/Logo-Garderie-Periscolaire-50x24.jpg 50w, https:\/\/commune-poisson.fr\/wp-content\/uploads\/EnfanceJeunesse\/Garderie\/Logo-Garderie-Periscolaire-150x72.jpg 150w\" sizes=\"auto, (max-width:767px) 480px, 520px\" \/><\/figure>\n<\/div>\n\n\n<div style=\"height:10px\" aria-hidden=\"true\" class=\"wp-block-spacer\"><\/div>\n\n\n\n<hr class=\"wp-block-separator has-text-color has-black-color has-alpha-channel-opacity has-black-background-color has-background\" id=\"Horaires\"\/>\n\n\n\n<h2 class=\"wp-block-heading has-luminous-vivid-orange-color has-text-color has-link-color wp-elements-8990b5bb78b82b304746a5eb3ce0a5d5\"><strong>Horaires de la garderie p\u00e9riscolaire<\/strong><\/h2>\n\n\n\n<p class=\"has-black-color has-text-color has-link-color wp-elements-f635a0bea1cb2a6a6bb1f4101699815f\"><strong>La garderie p\u00e9riscolaire municipale fonctionne les jours de classe :<br>&#8211; l<mark style=\"background-color:rgba(0, 0, 0, 0)\" class=\"has-inline-color has-black-color\">e matin, de 7 h 45 \u00e0 8 h 50<\/mark> ;<br>&#8211; <mark style=\"background-color:rgba(0, 0, 0, 0)\" class=\"has-inline-color has-black-color\">temps m\u00e9ridien<\/mark> ;<br>&#8211; <mark style=\"background-color:rgba(0, 0, 0, 0)\" class=\"has-inline-color has-black-color\">de 16 h 30 \u00e0 19 h.<\/mark><\/strong><\/p>\n\n\n\n<figure class=\"wp-block-image size-full\"><a href=\"https:\/\/commune-poisson.fr\/?page_id=340\"><img loading=\"lazy\" decoding=\"async\" width=\"50\" height=\"50\" src=\"https:\/\/commune-poisson.fr\/wp-content\/uploads\/Articles\/Logo\/Retour-Haut-de-page.jpg\" alt=\"\" class=\"wp-image-2177\"\/><\/a><\/figure>\n\n\n\n<hr class=\"wp-block-separator has-text-color has-black-color has-alpha-channel-opacity has-black-background-color has-background\" id=\"Tarifs\"\/>\n\n\n\n<h2 class=\"wp-block-heading has-luminous-vivid-orange-color has-text-color has-link-color wp-elements-4798a559e3439e2a015e4e9f36a5d134\"><strong>Tarifs de la garderie p\u00e9riscolaire municipale pour l&rsquo;ann\u00e9e scolaire 2025-2026.<\/strong><\/h2>\n\n\n\n<p><strong>Ci-dessous, extrait du <a href=\"https:\/\/commune-poisson.fr\/wp-content\/uploads\/Cot%C3%A9Mairie\/ProcesVerbauxConseilMunicipal\/2025\/2025-6-19-juin.pdf\" target=\"_blank\" rel=\"noreferrer noopener\">proc\u00e8s verbal du conseil municipal du 19 juin 2025<\/a>.<\/strong><\/p>\n\n\n\n<figure data-wp-context=\"{&quot;imageId&quot;:&quot;69e58a897c3c6&quot;}\" data-wp-interactive=\"core\/image\" data-wp-key=\"69e58a897c3c6\" class=\"wp-block-image size-large wp-lightbox-container\"><img loading=\"lazy\" decoding=\"async\" width=\"1024\" height=\"445\" data-wp-class--hide=\"state.isContentHidden\" data-wp-class--show=\"state.isContentVisible\" data-wp-init=\"callbacks.setButtonStyles\" data-wp-on--click=\"actions.showLightbox\" data-wp-on--load=\"callbacks.setButtonStyles\" data-wp-on-window--resize=\"callbacks.setButtonStyles\" src=\"https:\/\/commune-poisson.fr\/wp-content\/uploads\/EnfanceJeunesse\/Garderie\/Tarifs-Rentree-2025-Garderie-1024x445.jpg\" alt=\"\" class=\"wp-image-6400\" srcset=\"https:\/\/commune-poisson.fr\/wp-content\/uploads\/EnfanceJeunesse\/Garderie\/Tarifs-Rentree-2025-Garderie-1024x445.jpg 1024w, https:\/\/commune-poisson.fr\/wp-content\/uploads\/EnfanceJeunesse\/Garderie\/Tarifs-Rentree-2025-Garderie-300x130.jpg 300w, https:\/\/commune-poisson.fr\/wp-content\/uploads\/EnfanceJeunesse\/Garderie\/Tarifs-Rentree-2025-Garderie-768x333.jpg 768w, https:\/\/commune-poisson.fr\/wp-content\/uploads\/EnfanceJeunesse\/Garderie\/Tarifs-Rentree-2025-Garderie-150x65.jpg 150w, https:\/\/commune-poisson.fr\/wp-content\/uploads\/EnfanceJeunesse\/Garderie\/Tarifs-Rentree-2025-Garderie-480x208.jpg 480w, https:\/\/commune-poisson.fr\/wp-content\/uploads\/EnfanceJeunesse\/Garderie\/Tarifs-Rentree-2025-Garderie.jpg 1421w\" sizes=\"auto, (max-width:767px) 480px, (max-width:1024px) 100vw, 1024px\" \/><button\n\t\t\tclass=\"lightbox-trigger\"\n\t\t\ttype=\"button\"\n\t\t\taria-haspopup=\"dialog\"\n\t\t\taria-label=\"Agrandir\"\n\t\t\tdata-wp-init=\"callbacks.initTriggerButton\"\n\t\t\tdata-wp-on--click=\"actions.showLightbox\"\n\t\t\tdata-wp-style--right=\"state.imageButtonRight\"\n\t\t\tdata-wp-style--top=\"state.imageButtonTop\"\n\t\t>\n\t\t\t<svg xmlns=\"http:\/\/www.w3.org\/2000\/svg\" width=\"12\" height=\"12\" fill=\"none\" viewBox=\"0 0 12 12\">\n\t\t\t\t<path fill=\"#fff\" d=\"M2 0a2 2 0 0 0-2 2v2h1.5V2a.5.5 0 0 1 .5-.5h2V0H2Zm2 10.5H2a.5.5 0 0 1-.5-.5V8H0v2a2 2 0 0 0 2 2h2v-1.5ZM8 12v-1.5h2a.5.5 0 0 0 .5-.5V8H12v2a2 2 0 0 1-2 2H8Zm2-12a2 2 0 0 1 2 2v2h-1.5V2a.5.5 0 0 0-.5-.5H8V0h2Z\" \/>\n\t\t\t<\/svg>\n\t\t<\/button><\/figure>\n\n\n\n<figure class=\"wp-block-image size-full\"><a href=\"https:\/\/commune-poisson.fr\/?page_id=340\"><img loading=\"lazy\" decoding=\"async\" width=\"50\" height=\"50\" src=\"https:\/\/commune-poisson.fr\/wp-content\/uploads\/Articles\/Logo\/Retour-Haut-de-page.jpg\" alt=\"\" class=\"wp-image-2177\"\/><\/a><\/figure>\n\n\n","protected":false},"excerpt":{"rendered":"<p>Sur cette page :Horaires de la garderie p\u00e9riscolaire municipaleTarifs de<span class=\"excerpt-hellip\"> [\u2026]<\/span><\/p>\n","protected":false},"author":2,"featured_media":0,"parent":123,"menu_order":2,"comment_status":"closed","ping_status":"closed","template":"","meta":{"footnotes":""},"class_list":["post-340","page","type-page","status-publish","hentry"],"yoast_head":"<!-- This site is optimized with the Yoast SEO plugin v27.2 - https:\/\/yoast.com\/product\/yoast-seo-wordpress\/ -->\n<title>Garderie p\u00e9riscolaire - Commune de POISSON | Sa\u00f4ne-et-Loire (71)<\/title>\n<meta name=\"robots\" content=\"index, follow, max-snippet:-1, max-image-preview:large, max-video-preview:-1\" \/>\n<link rel=\"canonical\" href=\"https:\/\/commune-poisson.fr\/?page_id=340\" \/>\n<meta property=\"og:locale\" content=\"fr_FR\" \/>\n<meta property=\"og:type\" content=\"article\" \/>\n<meta property=\"og:title\" content=\"Garderie p\u00e9riscolaire - Commune de POISSON | Sa\u00f4ne-et-Loire (71)\" \/>\n<meta property=\"og:description\" content=\"Sur cette page :Horaires de la garderie p\u00e9riscolaire municipaleTarifs de [\u2026]\" \/>\n<meta property=\"og:url\" content=\"https:\/\/commune-poisson.fr\/?page_id=340\" \/>\n<meta property=\"og:site_name\" content=\"Commune de POISSON | Sa\u00f4ne-et-Loire (71)\" \/>\n<meta property=\"article:modified_time\" content=\"2026-04-05T17:30:16+00:00\" \/>\n<meta property=\"og:image\" content=\"https:\/\/commune-poisson.fr\/wp-content\/uploads\/EnfanceJeunesse\/Garderie\/Logo-Garderie-Periscolaire.jpg\" \/>\n\t<meta property=\"og:image:width\" content=\"520\" \/>\n\t<meta property=\"og:image:height\" content=\"250\" \/>\n\t<meta property=\"og:image:type\" content=\"image\/jpeg\" \/>\n<meta name=\"twitter:card\" content=\"summary_large_image\" \/>\n<meta name=\"twitter:label1\" content=\"Dur\u00e9e de lecture estim\u00e9e\" \/>\n\t<meta name=\"twitter:data1\" content=\"1 minute\" \/>\n<script type=\"application\/ld+json\" class=\"yoast-schema-graph\">{\"@context\":\"https:\/\/schema.org\",\"@graph\":[{\"@type\":\"WebPage\",\"@id\":\"https:\/\/commune-poisson.fr\/?page_id=340\",\"url\":\"https:\/\/commune-poisson.fr\/?page_id=340\",\"name\":\"Garderie p\u00e9riscolaire - Commune de POISSON | Sa\u00f4ne-et-Loire (71)\",\"isPartOf\":{\"@id\":\"https:\/\/commune-poisson.fr\/#website\"},\"primaryImageOfPage\":{\"@id\":\"https:\/\/commune-poisson.fr\/?page_id=340#primaryimage\"},\"image\":{\"@id\":\"https:\/\/commune-poisson.fr\/?page_id=340#primaryimage\"},\"thumbnailUrl\":\"https:\/\/commune-poisson.fr\/wp-content\/uploads\/EnfanceJeunesse\/Garderie\/Logo-Garderie-Periscolaire.jpg\",\"datePublished\":\"2023-01-21T06:00:00+00:00\",\"dateModified\":\"2026-04-05T17:30:16+00:00\",\"breadcrumb\":{\"@id\":\"https:\/\/commune-poisson.fr\/?page_id=340#breadcrumb\"},\"inLanguage\":\"fr-FR\",\"potentialAction\":[{\"@type\":\"ReadAction\",\"target\":[\"https:\/\/commune-poisson.fr\/?page_id=340\"]}]},{\"@type\":\"ImageObject\",\"inLanguage\":\"fr-FR\",\"@id\":\"https:\/\/commune-poisson.fr\/?page_id=340#primaryimage\",\"url\":\"https:\/\/commune-poisson.fr\/wp-content\/uploads\/EnfanceJeunesse\/Garderie\/Logo-Garderie-Periscolaire.jpg\",\"contentUrl\":\"https:\/\/commune-poisson.fr\/wp-content\/uploads\/EnfanceJeunesse\/Garderie\/Logo-Garderie-Periscolaire.jpg\",\"width\":520,\"height\":250,\"caption\":\"Logo garderie p\u00e9riscolaire\"},{\"@type\":\"BreadcrumbList\",\"@id\":\"https:\/\/commune-poisson.fr\/?page_id=340#breadcrumb\",\"itemListElement\":[{\"@type\":\"ListItem\",\"position\":1,\"name\":\"Accueil\",\"item\":\"https:\/\/commune-poisson.fr\/\"},{\"@type\":\"ListItem\",\"position\":2,\"name\":\"Enfance \/ Jeunesse\",\"item\":\"https:\/\/commune-poisson.fr\/?page_id=123\"},{\"@type\":\"ListItem\",\"position\":3,\"name\":\"Garderie p\u00e9riscolaire\"}]},{\"@type\":\"WebSite\",\"@id\":\"https:\/\/commune-poisson.fr\/#website\",\"url\":\"https:\/\/commune-poisson.fr\/\",\"name\":\"Commune de POISSON | Sa\u00f4ne-et-Loire (71)\",\"description\":\"Site officiel\",\"potentialAction\":[{\"@type\":\"SearchAction\",\"target\":{\"@type\":\"EntryPoint\",\"urlTemplate\":\"https:\/\/commune-poisson.fr\/?s={search_term_string}\"},\"query-input\":{\"@type\":\"PropertyValueSpecification\",\"valueRequired\":true,\"valueName\":\"search_term_string\"}}],\"inLanguage\":\"fr-FR\"}]}<\/script>\n<!-- \/ Yoast SEO plugin. -->","yoast_head_json":{"title":"Garderie p\u00e9riscolaire - Commune de POISSON | Sa\u00f4ne-et-Loire (71)","robots":{"index":"index","follow":"follow","max-snippet":"max-snippet:-1","max-image-preview":"max-image-preview:large","max-video-preview":"max-video-preview:-1"},"canonical":"https:\/\/commune-poisson.fr\/?page_id=340","og_locale":"fr_FR","og_type":"article","og_title":"Garderie p\u00e9riscolaire - Commune de POISSON | Sa\u00f4ne-et-Loire (71)","og_description":"Sur cette page :Horaires de la garderie p\u00e9riscolaire municipaleTarifs de [\u2026]","og_url":"https:\/\/commune-poisson.fr\/?page_id=340","og_site_name":"Commune de POISSON | Sa\u00f4ne-et-Loire (71)","article_modified_time":"2026-04-05T17:30:16+00:00","og_image":[{"width":520,"height":250,"url":"https:\/\/commune-poisson.fr\/wp-content\/uploads\/EnfanceJeunesse\/Garderie\/Logo-Garderie-Periscolaire.jpg","type":"image\/jpeg"}],"twitter_card":"summary_large_image","twitter_misc":{"Dur\u00e9e de lecture estim\u00e9e":"1 minute"},"schema":{"@context":"https:\/\/schema.org","@graph":[{"@type":"WebPage","@id":"https:\/\/commune-poisson.fr\/?page_id=340","url":"https:\/\/commune-poisson.fr\/?page_id=340","name":"Garderie p\u00e9riscolaire - Commune de POISSON | Sa\u00f4ne-et-Loire (71)","isPartOf":{"@id":"https:\/\/commune-poisson.fr\/#website"},"primaryImageOfPage":{"@id":"https:\/\/commune-poisson.fr\/?page_id=340#primaryimage"},"image":{"@id":"https:\/\/commune-poisson.fr\/?page_id=340#primaryimage"},"thumbnailUrl":"https:\/\/commune-poisson.fr\/wp-content\/uploads\/EnfanceJeunesse\/Garderie\/Logo-Garderie-Periscolaire.jpg","datePublished":"2023-01-21T06:00:00+00:00","dateModified":"2026-04-05T17:30:16+00:00","breadcrumb":{"@id":"https:\/\/commune-poisson.fr\/?page_id=340#breadcrumb"},"inLanguage":"fr-FR","potentialAction":[{"@type":"ReadAction","target":["https:\/\/commune-poisson.fr\/?page_id=340"]}]},{"@type":"ImageObject","inLanguage":"fr-FR","@id":"https:\/\/commune-poisson.fr\/?page_id=340#primaryimage","url":"https:\/\/commune-poisson.fr\/wp-content\/uploads\/EnfanceJeunesse\/Garderie\/Logo-Garderie-Periscolaire.jpg","contentUrl":"https:\/\/commune-poisson.fr\/wp-content\/uploads\/EnfanceJeunesse\/Garderie\/Logo-Garderie-Periscolaire.jpg","width":520,"height":250,"caption":"Logo garderie p\u00e9riscolaire"},{"@type":"BreadcrumbList","@id":"https:\/\/commune-poisson.fr\/?page_id=340#breadcrumb","itemListElement":[{"@type":"ListItem","position":1,"name":"Accueil","item":"https:\/\/commune-poisson.fr\/"},{"@type":"ListItem","position":2,"name":"Enfance \/ Jeunesse","item":"https:\/\/commune-poisson.fr\/?page_id=123"},{"@type":"ListItem","position":3,"name":"Garderie p\u00e9riscolaire"}]},{"@type":"WebSite","@id":"https:\/\/commune-poisson.fr\/#website","url":"https:\/\/commune-poisson.fr\/","name":"Commune de POISSON | Sa\u00f4ne-et-Loire (71)","description":"Site officiel","potentialAction":[{"@type":"SearchAction","target":{"@type":"EntryPoint","urlTemplate":"https:\/\/commune-poisson.fr\/?s={search_term_string}"},"query-input":{"@type":"PropertyValueSpecification","valueRequired":true,"valueName":"search_term_string"}}],"inLanguage":"fr-FR"}]}},"_links":{"self":[{"href":"https:\/\/commune-poisson.fr\/index.php?rest_route=\/wp\/v2\/pages\/340","targetHints":{"allow":["GET"]}}],"collection":[{"href":"https:\/\/commune-poisson.fr\/index.php?rest_route=\/wp\/v2\/pages"}],"about":[{"href":"https:\/\/commune-poisson.fr\/index.php?rest_route=\/wp\/v2\/types\/page"}],"author":[{"embeddable":true,"href":"https:\/\/commune-poisson.fr\/index.php?rest_route=\/wp\/v2\/users\/2"}],"replies":[{"embeddable":true,"href":"https:\/\/commune-poisson.fr\/index.php?rest_route=%2Fwp%2Fv2%2Fcomments&post=340"}],"version-history":[{"count":21,"href":"https:\/\/commune-poisson.fr\/index.php?rest_route=\/wp\/v2\/pages\/340\/revisions"}],"predecessor-version":[{"id":7622,"href":"https:\/\/commune-poisson.fr\/index.php?rest_route=\/wp\/v2\/pages\/340\/revisions\/7622"}],"up":[{"embeddable":true,"href":"https:\/\/commune-poisson.fr\/index.php?rest_route=\/wp\/v2\/pages\/123"}],"wp:attachment":[{"href":"https:\/\/commune-poisson.fr\/index.php?rest_route=%2Fwp%2Fv2%2Fmedia&parent=340"}],"curies":[{"name":"wp","href":"https:\/\/api.w.org\/{rel}","templated":true}]}}