{"id":280,"date":"2026-04-17T12:00:12","date_gmt":"2026-04-17T10:00:12","guid":{"rendered":"https:\/\/sddbox-containers.com\/?page_id=280"},"modified":"2026-04-17T12:00:13","modified_gmt":"2026-04-17T10:00:13","slug":"comptes-rendus-du-conseil-municipal","status":"publish","type":"page","link":"https:\/\/commune-poisson.fr\/?page_id=280","title":{"rendered":"Proc\u00e8s-verbaux du conseil municipal"},"content":{"rendered":"\n<p>Ci-dessous, les&nbsp;proc\u00e8s-verbaux depuis le 21 juillet 2022.<br><strong>Chaque document est mis en ligne sur ce site internet lorsqu&rsquo;il a \u00e9t\u00e9 adopt\u00e9 par le conseil municipal suivant.<\/strong><br>Cliquez sur la date du document que vous voulez consulter.<br><em>Les documents sont au format pdf.<\/em><br>* La page \u00ab\u00a0Liste des d\u00e9lib\u00e9rations du conseil municipal\u00a0\u00bb est accessible en <a href=\"https:\/\/commune-poisson.fr\/?page_id=3207\" target=\"_blank\" rel=\"noreferrer noopener\"><strong>cliquant ici<\/strong><\/a>.<\/p>\n\n\n<div class=\"wp-block-image\">\n<figure class=\"alignleft size-full is-resized\"><img loading=\"lazy\" decoding=\"async\" width=\"500\" height=\"375\" src=\"https:\/\/commune-poisson.fr\/wp-content\/uploads\/Cot\u00e9Mairie\/ProcesVerbauxConseilMunicipal\/Logo-proces-verbaux-conseil-municipal.jpg\" alt=\"\" class=\"wp-image-7407\" style=\"width:260px\" srcset=\"https:\/\/commune-poisson.fr\/wp-content\/uploads\/Cot\u00e9Mairie\/ProcesVerbauxConseilMunicipal\/Logo-proces-verbaux-conseil-municipal.jpg 500w, https:\/\/commune-poisson.fr\/wp-content\/uploads\/Cot\u00e9Mairie\/ProcesVerbauxConseilMunicipal\/Logo-proces-verbaux-conseil-municipal-300x225.jpg 300w, https:\/\/commune-poisson.fr\/wp-content\/uploads\/Cot\u00e9Mairie\/ProcesVerbauxConseilMunicipal\/Logo-proces-verbaux-conseil-municipal-100x75.jpg 100w, https:\/\/commune-poisson.fr\/wp-content\/uploads\/Cot\u00e9Mairie\/ProcesVerbauxConseilMunicipal\/Logo-proces-verbaux-conseil-municipal-480x360.jpg 480w\" sizes=\"auto, (max-width:767px) 480px, 500px\" \/><\/figure>\n<\/div>\n\n\n<div style=\"height:9px\" aria-hidden=\"true\" class=\"wp-block-spacer\"><\/div>\n\n\n\n<hr class=\"wp-block-separator has-text-color has-black-color has-alpha-channel-opacity has-black-background-color has-background\"\/>\n\n\n\n<h2 class=\"wp-block-heading\" id=\"annee-2021\"><strong><span class=\"tadv-color\" style=\"color:#ff6900\">Ann\u00e9e 2026<\/span><\/strong><\/h2>\n\n\n\n<ul class=\"wp-block-list\">\n<li><strong><a href=\"https:\/\/commune-poisson.fr\/wp-content\/uploads\/Cot\u00e9Mairie\/ProcesVerbauxConseilMunicipal\/2026\/2026-3-21-mars.pdf\" target=\"_blank\" rel=\"noreferrer noopener\">21 mars 2026<\/a><\/strong><br><strong><strong><mark style=\"background-color:rgba(0, 0, 0, 0)\" class=\"has-inline-color has-black-color\">Au cours du conseil municipal du 16 avril, le proc\u00e8s-verbal du conseil municipal du 21 mars 2026 a \u00e9t\u00e9 adopt\u00e9.<\/mark><\/strong><\/strong><\/li>\n\n\n\n<li><strong><a href=\"https:\/\/commune-poisson.fr\/wp-content\/uploads\/Cot\u00e9Mairie\/ProcesVerbauxConseilMunicipal\/2026\/2026-3-5-mars.pdf\" target=\"_blank\" rel=\"noreferrer noopener\">5 mars 2026<\/a><\/strong><\/li>\n\n\n\n<li><strong><a href=\"https:\/\/commune-poisson.fr\/wp-content\/uploads\/Cot\u00e9Mairie\/ProcesVerbauxConseilMunicipal\/2026\/2026-1-29-janvier.pdf\" target=\"_blank\" rel=\"noreferrer noopener\">29 janvier 2026<\/a><\/strong><\/li>\n<\/ul>\n\n\n\n<figure class=\"wp-block-image size-full\"><a href=\"https:\/\/commune-poisson.fr\/?page_id=280\"><img loading=\"lazy\" decoding=\"async\" width=\"50\" height=\"50\" src=\"https:\/\/commune-poisson.fr\/wp-content\/uploads\/Articles\/Logo\/Retour-Haut-de-page.jpg\" alt=\"\" class=\"wp-image-2177\"\/><\/a><\/figure>\n\n\n\n<hr class=\"wp-block-separator has-text-color has-black-color has-alpha-channel-opacity has-black-background-color has-background\"\/>\n\n\n\n<h2 class=\"wp-block-heading\" id=\"annee-2021\"><strong><span class=\"tadv-color\" style=\"color:#ff6900\">Ann\u00e9e 2025<\/span><\/strong><\/h2>\n\n\n\n<ul class=\"wp-block-list\">\n<li><strong><a href=\"https:\/\/commune-poisson.fr\/wp-content\/uploads\/Cot\u00e9Mairie\/ProcesVerbauxConseilMunicipal\/2025\/2025-12-11-decembre.pdf\" target=\"_blank\" rel=\"noreferrer noopener\">11 d\u00e9cembre 2025<\/a><\/strong><\/li>\n\n\n\n<li><strong><a href=\"https:\/\/commune-poisson.fr\/wp-content\/uploads\/Cot\u00e9Mairie\/ProcesVerbauxConseilMunicipal\/2025\/2025-12-11-decembre.pdf\" target=\"_blank\" rel=\"noreferrer noopener\">11 d\u00e9cembre 2025<\/a><\/strong><\/li>\n\n\n\n<li><strong><a href=\"https:\/\/commune-poisson.fr\/wp-content\/uploads\/Cot\u00e9Mairie\/ProcesVerbauxConseilMunicipal\/2025\/2025-11-27-novembre.pdf\" target=\"_blank\" rel=\"noreferrer noopener\">27 novembre 2025<\/a><\/strong><\/li>\n\n\n\n<li><strong><a href=\"https:\/\/commune-poisson.fr\/wp-content\/uploads\/Cot\u00e9Mairie\/ProcesVerbauxConseilMunicipal\/2025\/2025-10-23-octobre.pdf\" target=\"_blank\" rel=\"noreferrer noopener\">23 octobre 2025<\/a><\/strong><\/li>\n\n\n\n<li><strong><a href=\"https:\/\/commune-poisson.fr\/wp-content\/uploads\/Cot\u00e9Mairie\/ProcesVerbauxConseilMunicipal\/2025\/2025-9-18-septembre.pdf\" target=\"_blank\" rel=\"noreferrer noopener\">18 septembre 2025<\/a><\/strong><\/li>\n\n\n\n<li><strong><a href=\"https:\/\/commune-poisson.fr\/wp-content\/uploads\/Cot\u00e9Mairie\/ProcesVerbauxConseilMunicipal\/2025\/2025-7-31-juillet.pdf\" target=\"_blank\" rel=\"noreferrer noopener\">31 juillet 2025<\/a><\/strong><\/li>\n\n\n\n<li><strong><a href=\"https:\/\/commune-poisson.fr\/wp-content\/uploads\/Cot\u00e9Mairie\/ProcesVerbauxConseilMunicipal\/2025\/2025-6-19-juin.pdf\" target=\"_blank\" rel=\"noreferrer noopener\">19 juin 2025<\/a><\/strong><\/li>\n\n\n\n<li><strong><a href=\"https:\/\/commune-poisson.fr\/wp-content\/uploads\/Cot\u00e9Mairie\/ProcesVerbauxConseilMunicipal\/2025\/2025-5-15-mai.pdf\" target=\"_blank\" rel=\"noreferrer noopener\">15 mai 2025<\/a><\/strong><\/li>\n\n\n\n<li><strong><a href=\"https:\/\/commune-poisson.fr\/wp-content\/uploads\/Cot\u00e9Mairie\/ProcesVerbauxConseilMunicipal\/2025\/2025-4-10-avril.pdf\" target=\"_blank\" rel=\"noreferrer noopener\">10 avril 2025<\/a><\/strong><\/li>\n\n\n\n<li><strong><a href=\"https:\/\/commune-poisson.fr\/wp-content\/uploads\/Cot\u00e9Mairie\/ProcesVerbauxConseilMunicipal\/2025\/2025-3-20-mars.pdf\" target=\"_blank\" rel=\"noreferrer noopener\">20 mars 2025<\/a><\/strong><\/li>\n\n\n\n<li><strong><a href=\"https:\/\/commune-poisson.fr\/wp-content\/uploads\/Cot\u00e9Mairie\/ProcesVerbauxConseilMunicipal\/2025\/2025-2-27-fevrier.pdf\" target=\"_blank\" rel=\"noreferrer noopener\">27 f\u00e9vrier 2025<\/a><\/strong><\/li>\n\n\n\n<li><strong><a href=\"https:\/\/commune-poisson.fr\/wp-content\/uploads\/Cot\u00e9Mairie\/ProcesVerbauxConseilMunicipal\/2025\/2025-1-30-janvier.pdf\" target=\"_blank\" rel=\"noreferrer noopener\">30 janvier 2025<\/a><\/strong><\/li>\n<\/ul>\n\n\n\n<figure class=\"wp-block-image size-full\"><a href=\"https:\/\/commune-poisson.fr\/?page_id=280\"><img loading=\"lazy\" decoding=\"async\" width=\"50\" height=\"50\" src=\"https:\/\/commune-poisson.fr\/wp-content\/uploads\/Articles\/Logo\/Retour-Haut-de-page.jpg\" alt=\"\" class=\"wp-image-2177\"\/><\/a><\/figure>\n\n\n\n<hr class=\"wp-block-separator has-text-color has-black-color has-alpha-channel-opacity has-black-background-color has-background\"\/>\n\n\n\n<h2 class=\"wp-block-heading\" id=\"annee-2021\"><strong><span class=\"tadv-color\" style=\"color:#ff6900\">Ann\u00e9e 2024<\/span><\/strong><\/h2>\n\n\n\n<ul class=\"wp-block-list\">\n<li><strong><a href=\"https:\/\/commune-poisson.fr\/wp-content\/uploads\/Cot\u00e9Mairie\/ProcesVerbauxConseilMunicipal\/2024\/2024-decembre-19.pdf\" target=\"_blank\" rel=\"noreferrer noopener\">19 d\u00e9cembre 2024<\/a><\/strong><\/li>\n\n\n\n<li><strong><a href=\"https:\/\/commune-poisson.fr\/wp-content\/uploads\/Cot\u00e9Mairie\/ProcesVerbauxConseilMunicipal\/2024\/2024-novembre-14.pdf\" target=\"_blank\" rel=\"noreferrer noopener\">14 novembre 2024<\/a><\/strong><\/li>\n\n\n\n<li><strong><a href=\"https:\/\/commune-poisson.fr\/wp-content\/uploads\/Cot\u00e9Mairie\/ProcesVerbauxConseilMunicipal\/2024\/2024-octobre-10.pdf\" target=\"_blank\" rel=\"noreferrer noopener\">10 octobre 2024<\/a><\/strong><\/li>\n\n\n\n<li><strong><a href=\"https:\/\/commune-poisson.fr\/wp-content\/uploads\/Cot\u00e9Mairie\/ProcesVerbauxConseilMunicipal\/2024\/2024-septembre-12.pdf\" target=\"_blank\" rel=\"noreferrer noopener\">12 septembre 2024<\/a><\/strong><\/li>\n\n\n\n<li><strong><a href=\"https:\/\/commune-poisson.fr\/wp-content\/uploads\/Cot\u00e9Mairie\/ProcesVerbauxConseilMunicipal\/2024\/2024-juillet-18.pdf\" target=\"_blank\" rel=\"noreferrer noopener\">18 juillet 2024<\/a><\/strong><\/li>\n\n\n\n<li><strong><a href=\"https:\/\/commune-poisson.fr\/wp-content\/uploads\/Cot\u00e9Mairie\/ProcesVerbauxConseilMunicipal\/2024\/2024-juin-27.pdf\" target=\"_blank\" rel=\"noreferrer noopener\">27 juin 2024<\/a><\/strong><\/li>\n\n\n\n<li><strong><a href=\"https:\/\/commune-poisson.fr\/wp-content\/uploads\/Cot\u00e9Mairie\/ProcesVerbauxConseilMunicipal\/2024\/2024-mai-23.pdf\" target=\"_blank\" rel=\"noreferrer noopener\">23 mai 2024<\/a><\/strong><\/li>\n\n\n\n<li><strong><a href=\"https:\/\/commune-poisson.fr\/wp-content\/uploads\/Cot\u00e9Mairie\/ProcesVerbauxConseilMunicipal\/2024\/2024-avril-4.pdf\" target=\"_blank\" rel=\"noreferrer noopener\">4 avril 2024<\/a><\/strong><\/li>\n\n\n\n<li><strong><a href=\"https:\/\/commune-poisson.fr\/wp-content\/uploads\/Cot\u00e9Mairie\/ProcesVerbauxConseilMunicipal\/2024\/2024-mars-18.pdf\" target=\"_blank\" rel=\"noreferrer noopener\">18 mars 2024<\/a><\/strong><\/li>\n\n\n\n<li><strong><a href=\"https:\/\/commune-poisson.fr\/wp-content\/uploads\/Cot\u00e9Mairie\/ProcesVerbauxConseilMunicipal\/2024\/2024-fevrier-22.pdf\" target=\"_blank\" rel=\"noreferrer noopener\">22 f\u00e9vrier 2024<\/a><\/strong><\/li>\n\n\n\n<li><strong><a href=\"https:\/\/commune-poisson.fr\/wp-content\/uploads\/Cot\u00e9Mairie\/ProcesVerbauxConseilMunicipal\/2024\/2024-janvier-25.pdf\" target=\"_blank\" rel=\"noreferrer noopener\">25 janvier 2024<\/a><\/strong><\/li>\n<\/ul>\n\n\n\n<figure class=\"wp-block-image size-full\"><a href=\"https:\/\/commune-poisson.fr\/?page_id=280\"><img loading=\"lazy\" decoding=\"async\" width=\"50\" height=\"50\" src=\"https:\/\/commune-poisson.fr\/wp-content\/uploads\/Articles\/Logo\/Retour-Haut-de-page.jpg\" alt=\"\" class=\"wp-image-2177\"\/><\/a><\/figure>\n\n\n\n<hr class=\"wp-block-separator has-text-color has-black-color has-alpha-channel-opacity has-black-background-color has-background\"\/>\n\n\n\n<h2 class=\"wp-block-heading\" id=\"annee-2021\"><strong><span style=\"color:#ff6900\" class=\"tadv-color\">Ann\u00e9e 2023<\/span><\/strong><\/h2>\n\n\n\n<ul class=\"wp-block-list\">\n<li><strong><a href=\"https:\/\/commune-poisson.fr\/wp-content\/uploads\/Cot\u00e9Mairie\/ProcesVerbauxConseilMunicipal\/2023\/2023-decembre-14.pdf\" target=\"_blank\" rel=\"noreferrer noopener\">14 d\u00e9cembre 2023<\/a><\/strong><\/li>\n\n\n\n<li><strong><a href=\"https:\/\/commune-poisson.fr\/wp-content\/uploads\/Cot\u00e9Mairie\/ProcesVerbauxConseilMunicipal\/2023\/2023-novembre-23.pdf\" target=\"_blank\" rel=\"noreferrer noopener\">23 novembre 2023<\/a><\/strong><br><strong><strong><mark style=\"background-color:rgba(0, 0, 0, 0)\" class=\"has-inline-color has-black-color\"><\/mark><\/strong><\/strong><\/li>\n\n\n\n<li><strong><a href=\"https:\/\/commune-poisson.fr\/wp-content\/uploads\/Cot\u00e9Mairie\/ProcesVerbauxConseilMunicipal\/2023\/2023-octobre-5.pdf\" target=\"_blank\" rel=\"noreferrer noopener\">5 octobre 2023<\/a><\/strong><\/li>\n\n\n\n<li><strong><a href=\"https:\/\/commune-poisson.fr\/wp-content\/uploads\/Cot\u00e9Mairie\/ProcesVerbauxConseilMunicipal\/2023\/2023-septembre-7.pdf\" target=\"_blank\" rel=\"noreferrer noopener\">7 septembre 2023<\/a><\/strong><\/li>\n\n\n\n<li><strong><a href=\"https:\/\/commune-poisson.fr\/wp-content\/uploads\/Cot\u00e9Mairie\/ProcesVerbauxConseilMunicipal\/2023\/2023-juillet-20-1.pdf\" target=\"_blank\" rel=\"noreferrer noopener\">20 juillet 2023<\/a><\/strong><\/li>\n\n\n\n<li><strong><a href=\"https:\/\/commune-poisson.fr\/wp-content\/uploads\/Cot\u00e9Mairie\/ProcesVerbauxConseilMunicipal\/2023\/2023-juin-29.pdf\" target=\"_blank\" rel=\"noreferrer noopener\">29 juin 2023<\/a><strong><mark style=\"background-color:rgba(0, 0, 0, 0)\" class=\"has-inline-color has-black-color\"><\/mark><\/strong><\/strong><\/li>\n\n\n\n<li><strong><a href=\"https:\/\/commune-poisson.fr\/wp-content\/uploads\/Cot\u00e9Mairie\/ProcesVerbauxConseilMunicipal\/2023\/2023-mai-25.pdf\" target=\"_blank\" rel=\"noreferrer noopener\">25 mai 2023<\/a><\/strong><\/li>\n\n\n\n<li><strong><a href=\"https:\/\/commune-poisson.fr\/wp-content\/uploads\/Cot\u00e9Mairie\/ProcesVerbauxConseilMunicipal\/2023\/2023-avril-6.pdf\" target=\"_blank\" rel=\"noreferrer noopener\">6 avril 2023<\/a><\/strong><\/li>\n\n\n\n<li><strong><a href=\"https:\/\/commune-poisson.fr\/wp-content\/uploads\/Cot\u00e9Mairie\/ProcesVerbauxConseilMunicipal\/2023\/2023-mars-23.pdf\" target=\"_blank\" rel=\"noreferrer noopener\">23 mars 2023<\/a><\/strong><\/li>\n\n\n\n<li><strong><a href=\"https:\/\/commune-poisson.fr\/wp-content\/uploads\/Cot\u00e9Mairie\/ProcesVerbauxConseilMunicipal\/2023\/2023-fevrier-23.pdf\" target=\"_blank\" rel=\"noreferrer noopener\">23 f\u00e9vrier 2023<\/a><strong><mark style=\"background-color:rgba(0, 0, 0, 0)\" class=\"has-inline-color has-black-color\"><\/mark><\/strong><\/strong><\/li>\n\n\n\n<li><strong><a href=\"https:\/\/commune-poisson.fr\/wp-content\/uploads\/Cot\u00e9Mairie\/ProcesVerbauxConseilMunicipal\/2023\/2023-fevrier-2.pdf\" target=\"_blank\" rel=\"noreferrer noopener\">2 f\u00e9vrier 2023<\/a><\/strong><\/li>\n<\/ul>\n\n\n\n<figure class=\"wp-block-image size-full\"><a href=\"https:\/\/commune-poisson.fr\/?page_id=280\"><img loading=\"lazy\" decoding=\"async\" width=\"50\" height=\"50\" src=\"https:\/\/commune-poisson.fr\/wp-content\/uploads\/Articles\/Logo\/Retour-Haut-de-page.jpg\" alt=\"\" class=\"wp-image-2177\"\/><\/a><\/figure>\n\n\n\n<hr class=\"wp-block-separator has-text-color has-black-color has-alpha-channel-opacity has-black-background-color has-background\"\/>\n\n\n\n<h2 class=\"wp-block-heading\" id=\"annee-2021\"><strong><span style=\"color:#ff6900\" class=\"tadv-color\">Ann\u00e9e 2022<\/span><\/strong><\/h2>\n\n\n\n<ul class=\"wp-block-list has-black-color has-text-color\">\n<li><strong><a href=\"https:\/\/commune-poisson.fr\/wp-content\/uploads\/Cot\u00e9Mairie\/ProcesVerbauxConseilMunicipal\/2022\/2022-decembre-1.pdf\" target=\"_blank\" rel=\"noreferrer noopener\">1<sup>er<\/sup> d\u00e9cembre 2022<\/a><\/strong><\/li>\n\n\n\n<li><strong><a href=\"https:\/\/commune-poisson.fr\/wp-content\/uploads\/Cot\u00e9Mairie\/ProcesVerbauxConseilMunicipal\/2022\/2022-novembre-7.pdf\" target=\"_blank\" rel=\"noreferrer noopener\">7 novembre 2022<\/a><\/strong><\/li>\n\n\n\n<li><strong><a href=\"https:\/\/commune-poisson.fr\/wp-content\/uploads\/Cot\u00e9Mairie\/ProcesVerbauxConseilMunicipal\/2022\/2022-octobre-6.pdf\" target=\"_blank\" rel=\"noreferrer noopener\">6 octobre 2022<\/a><\/strong><\/li>\n\n\n\n<li><a href=\"https:\/\/commune-poisson.fr\/wp-content\/uploads\/Cot\u00e9Mairie\/ProcesVerbauxConseilMunicipal\/2022\/2022-septembre-8.pdf\" target=\"_blank\" rel=\"noreferrer noopener\"><strong>8 septembre 2022<\/strong><\/a><\/li>\n\n\n\n<li><strong><a href=\"https:\/\/commune-poisson.fr\/wp-content\/uploads\/Cot\u00e9Mairie\/ProcesVerbauxConseilMunicipal\/2022\/2022-juillet-21.pdf\" target=\"_blank\" rel=\"noreferrer noopener\">21 juillet 2022<\/a><\/strong><\/li>\n<\/ul>\n\n\n\n<figure class=\"wp-block-image size-full\"><a href=\"https:\/\/commune-poisson.fr\/?page_id=280\"><img loading=\"lazy\" decoding=\"async\" width=\"50\" height=\"50\" src=\"https:\/\/commune-poisson.fr\/wp-content\/uploads\/Articles\/Logo\/Retour-Haut-de-page.jpg\" alt=\"\" class=\"wp-image-2177\"\/><\/a><\/figure>\n\n\n","protected":false},"excerpt":{"rendered":"<p>Ci-dessous, les&nbsp;proc\u00e8s-verbaux depuis le 21 juillet 2022.Chaque document est mis<span class=\"excerpt-hellip\"> [\u2026]<\/span><\/p>\n","protected":false},"author":2,"featured_media":0,"parent":119,"menu_order":5,"comment_status":"closed","ping_status":"closed","template":"","meta":{"footnotes":""},"class_list":["post-280","page","type-page","status-publish","hentry"],"yoast_head":"<!-- This site is optimized with the Yoast SEO plugin v27.2 - https:\/\/yoast.com\/product\/yoast-seo-wordpress\/ -->\n<title>Proc\u00e8s-verbaux du conseil municipal - Commune de POISSON | Sa\u00f4ne-et-Loire (71)<\/title>\n<meta name=\"robots\" content=\"index, follow, max-snippet:-1, max-image-preview:large, max-video-preview:-1\" \/>\n<link rel=\"canonical\" href=\"https:\/\/commune-poisson.fr\/?page_id=280\" \/>\n<meta property=\"og:locale\" content=\"fr_FR\" \/>\n<meta property=\"og:type\" content=\"article\" \/>\n<meta property=\"og:title\" content=\"Proc\u00e8s-verbaux du conseil municipal - Commune de POISSON | Sa\u00f4ne-et-Loire (71)\" \/>\n<meta property=\"og:description\" content=\"Ci-dessous, les&nbsp;proc\u00e8s-verbaux depuis le 21 juillet 2022.Chaque document est mis [\u2026]\" \/>\n<meta property=\"og:url\" content=\"https:\/\/commune-poisson.fr\/?page_id=280\" \/>\n<meta property=\"og:site_name\" content=\"Commune de POISSON | Sa\u00f4ne-et-Loire (71)\" \/>\n<meta property=\"article:modified_time\" content=\"2026-04-17T10:00:13+00:00\" \/>\n<meta property=\"og:image\" content=\"https:\/\/commune-poisson.fr\/wp-content\/uploads\/Articles\/Logo\/Retour-Haut-de-page.jpg\" \/>\n<meta name=\"twitter:card\" content=\"summary_large_image\" \/>\n<meta name=\"twitter:label1\" content=\"Dur\u00e9e de lecture estim\u00e9e\" \/>\n\t<meta name=\"twitter:data1\" content=\"2 minutes\" \/>\n<script type=\"application\/ld+json\" class=\"yoast-schema-graph\">{\"@context\":\"https:\/\/schema.org\",\"@graph\":[{\"@type\":\"WebPage\",\"@id\":\"https:\/\/commune-poisson.fr\/?page_id=280\",\"url\":\"https:\/\/commune-poisson.fr\/?page_id=280\",\"name\":\"Proc\u00e8s-verbaux du conseil municipal - Commune de POISSON | Sa\u00f4ne-et-Loire (71)\",\"isPartOf\":{\"@id\":\"https:\/\/commune-poisson.fr\/#website\"},\"primaryImageOfPage\":{\"@id\":\"https:\/\/commune-poisson.fr\/?page_id=280#primaryimage\"},\"image\":{\"@id\":\"https:\/\/commune-poisson.fr\/?page_id=280#primaryimage\"},\"thumbnailUrl\":\"https:\/\/commune-poisson.fr\/wp-content\/uploads\/Articles\/Logo\/Retour-Haut-de-page.jpg\",\"datePublished\":\"2026-04-17T10:00:12+00:00\",\"dateModified\":\"2026-04-17T10:00:13+00:00\",\"breadcrumb\":{\"@id\":\"https:\/\/commune-poisson.fr\/?page_id=280#breadcrumb\"},\"inLanguage\":\"fr-FR\",\"potentialAction\":[{\"@type\":\"ReadAction\",\"target\":[\"https:\/\/commune-poisson.fr\/?page_id=280\"]}]},{\"@type\":\"ImageObject\",\"inLanguage\":\"fr-FR\",\"@id\":\"https:\/\/commune-poisson.fr\/?page_id=280#primaryimage\",\"url\":\"https:\/\/commune-poisson.fr\/wp-content\/uploads\/Articles\/Logo\/Retour-Haut-de-page.jpg\",\"contentUrl\":\"https:\/\/commune-poisson.fr\/wp-content\/uploads\/Articles\/Logo\/Retour-Haut-de-page.jpg\",\"width\":50,\"height\":50,\"caption\":\"Retour haut de page\"},{\"@type\":\"BreadcrumbList\",\"@id\":\"https:\/\/commune-poisson.fr\/?page_id=280#breadcrumb\",\"itemListElement\":[{\"@type\":\"ListItem\",\"position\":1,\"name\":\"Accueil\",\"item\":\"https:\/\/commune-poisson.fr\/\"},{\"@type\":\"ListItem\",\"position\":2,\"name\":\"C\u00f4t\u00e9 Mairie\",\"item\":\"https:\/\/commune-poisson.fr\/?page_id=119\"},{\"@type\":\"ListItem\",\"position\":3,\"name\":\"Proc\u00e8s-verbaux du conseil municipal\"}]},{\"@type\":\"WebSite\",\"@id\":\"https:\/\/commune-poisson.fr\/#website\",\"url\":\"https:\/\/commune-poisson.fr\/\",\"name\":\"Commune de POISSON | Sa\u00f4ne-et-Loire (71)\",\"description\":\"Site officiel\",\"potentialAction\":[{\"@type\":\"SearchAction\",\"target\":{\"@type\":\"EntryPoint\",\"urlTemplate\":\"https:\/\/commune-poisson.fr\/?s={search_term_string}\"},\"query-input\":{\"@type\":\"PropertyValueSpecification\",\"valueRequired\":true,\"valueName\":\"search_term_string\"}}],\"inLanguage\":\"fr-FR\"}]}<\/script>\n<!-- \/ Yoast SEO plugin. -->","yoast_head_json":{"title":"Proc\u00e8s-verbaux du conseil municipal - Commune de POISSON | Sa\u00f4ne-et-Loire (71)","robots":{"index":"index","follow":"follow","max-snippet":"max-snippet:-1","max-image-preview":"max-image-preview:large","max-video-preview":"max-video-preview:-1"},"canonical":"https:\/\/commune-poisson.fr\/?page_id=280","og_locale":"fr_FR","og_type":"article","og_title":"Proc\u00e8s-verbaux du conseil municipal - Commune de POISSON | Sa\u00f4ne-et-Loire (71)","og_description":"Ci-dessous, les&nbsp;proc\u00e8s-verbaux depuis le 21 juillet 2022.Chaque document est mis [\u2026]","og_url":"https:\/\/commune-poisson.fr\/?page_id=280","og_site_name":"Commune de POISSON | Sa\u00f4ne-et-Loire (71)","article_modified_time":"2026-04-17T10:00:13+00:00","og_image":[{"url":"https:\/\/commune-poisson.fr\/wp-content\/uploads\/Articles\/Logo\/Retour-Haut-de-page.jpg","type":"","width":"","height":""}],"twitter_card":"summary_large_image","twitter_misc":{"Dur\u00e9e de lecture estim\u00e9e":"2 minutes"},"schema":{"@context":"https:\/\/schema.org","@graph":[{"@type":"WebPage","@id":"https:\/\/commune-poisson.fr\/?page_id=280","url":"https:\/\/commune-poisson.fr\/?page_id=280","name":"Proc\u00e8s-verbaux du conseil municipal - Commune de POISSON | Sa\u00f4ne-et-Loire (71)","isPartOf":{"@id":"https:\/\/commune-poisson.fr\/#website"},"primaryImageOfPage":{"@id":"https:\/\/commune-poisson.fr\/?page_id=280#primaryimage"},"image":{"@id":"https:\/\/commune-poisson.fr\/?page_id=280#primaryimage"},"thumbnailUrl":"https:\/\/commune-poisson.fr\/wp-content\/uploads\/Articles\/Logo\/Retour-Haut-de-page.jpg","datePublished":"2026-04-17T10:00:12+00:00","dateModified":"2026-04-17T10:00:13+00:00","breadcrumb":{"@id":"https:\/\/commune-poisson.fr\/?page_id=280#breadcrumb"},"inLanguage":"fr-FR","potentialAction":[{"@type":"ReadAction","target":["https:\/\/commune-poisson.fr\/?page_id=280"]}]},{"@type":"ImageObject","inLanguage":"fr-FR","@id":"https:\/\/commune-poisson.fr\/?page_id=280#primaryimage","url":"https:\/\/commune-poisson.fr\/wp-content\/uploads\/Articles\/Logo\/Retour-Haut-de-page.jpg","contentUrl":"https:\/\/commune-poisson.fr\/wp-content\/uploads\/Articles\/Logo\/Retour-Haut-de-page.jpg","width":50,"height":50,"caption":"Retour haut de page"},{"@type":"BreadcrumbList","@id":"https:\/\/commune-poisson.fr\/?page_id=280#breadcrumb","itemListElement":[{"@type":"ListItem","position":1,"name":"Accueil","item":"https:\/\/commune-poisson.fr\/"},{"@type":"ListItem","position":2,"name":"C\u00f4t\u00e9 Mairie","item":"https:\/\/commune-poisson.fr\/?page_id=119"},{"@type":"ListItem","position":3,"name":"Proc\u00e8s-verbaux du conseil municipal"}]},{"@type":"WebSite","@id":"https:\/\/commune-poisson.fr\/#website","url":"https:\/\/commune-poisson.fr\/","name":"Commune de POISSON | Sa\u00f4ne-et-Loire (71)","description":"Site officiel","potentialAction":[{"@type":"SearchAction","target":{"@type":"EntryPoint","urlTemplate":"https:\/\/commune-poisson.fr\/?s={search_term_string}"},"query-input":{"@type":"PropertyValueSpecification","valueRequired":true,"valueName":"search_term_string"}}],"inLanguage":"fr-FR"}]}},"_links":{"self":[{"href":"https:\/\/commune-poisson.fr\/index.php?rest_route=\/wp\/v2\/pages\/280","targetHints":{"allow":["GET"]}}],"collection":[{"href":"https:\/\/commune-poisson.fr\/index.php?rest_route=\/wp\/v2\/pages"}],"about":[{"href":"https:\/\/commune-poisson.fr\/index.php?rest_route=\/wp\/v2\/types\/page"}],"author":[{"embeddable":true,"href":"https:\/\/commune-poisson.fr\/index.php?rest_route=\/wp\/v2\/users\/2"}],"replies":[{"embeddable":true,"href":"https:\/\/commune-poisson.fr\/index.php?rest_route=%2Fwp%2Fv2%2Fcomments&post=280"}],"version-history":[{"count":85,"href":"https:\/\/commune-poisson.fr\/index.php?rest_route=\/wp\/v2\/pages\/280\/revisions"}],"predecessor-version":[{"id":7782,"href":"https:\/\/commune-poisson.fr\/index.php?rest_route=\/wp\/v2\/pages\/280\/revisions\/7782"}],"up":[{"embeddable":true,"href":"https:\/\/commune-poisson.fr\/index.php?rest_route=\/wp\/v2\/pages\/119"}],"wp:attachment":[{"href":"https:\/\/commune-poisson.fr\/index.php?rest_route=%2Fwp%2Fv2%2Fmedia&parent=280"}],"curies":[{"name":"wp","href":"https:\/\/api.w.org\/{rel}","templated":true}]}}